{"id":4678,"date":"2024-06-18T14:14:22","date_gmt":"2024-06-18T14:14:22","guid":{"rendered":"https:\/\/www.sueninos.org\/\/programm\/capacitaciones\/"},"modified":"2024-06-18T14:14:22","modified_gmt":"2024-06-18T14:14:22","slug":"capacitaciones","status":"publish","type":"programm","link":"https:\/\/www.sueninos.org\/es\/programm\/capacitaciones\/","title":{"rendered":"Capacitaciones"},"content":{"rendered":"","protected":false},"excerpt":{"rendered":"<p>Nuestro programa de capacitaciones prepara a las y los adolescentes y j\u00f3venes para entrar en el mundo laboral. Abrimos nuevas perspectivas y oportunidades profesionales a trav\u00e9s de la capacitaci\u00f3n pr\u00e1ctica y el acompa\u00f1amiento en el desarrollo personal. <\/p>\n","protected":false},"featured_media":4381,"template":"","class_list":["post-4678","programm","type-programm","status-publish","has-post-thumbnail","hentry"],"acf":[],"_links":{"self":[{"href":"https:\/\/www.sueninos.org\/es\/wp-json\/wp\/v2\/programm\/4678","targetHints":{"allow":["GET"]}}],"collection":[{"href":"https:\/\/www.sueninos.org\/es\/wp-json\/wp\/v2\/programm"}],"about":[{"href":"https:\/\/www.sueninos.org\/es\/wp-json\/wp\/v2\/types\/programm"}],"version-history":[{"count":0,"href":"https:\/\/www.sueninos.org\/es\/wp-json\/wp\/v2\/programm\/4678\/revisions"}],"wp:featuredmedia":[{"embeddable":true,"href":"https:\/\/www.sueninos.org\/es\/wp-json\/wp\/v2\/media\/4381"}],"wp:attachment":[{"href":"https:\/\/www.sueninos.org\/es\/wp-json\/wp\/v2\/media?parent=4678"}],"curies":[{"name":"wp","href":"https:\/\/api.w.org\/{rel}","templated":true}]}}

<p>Nuestro programa de capacitaciones prepara a las y los adolescentes y jóvenes para entrar en el mundo laboral. Abrimos nuevas perspectivas y oportunidades profesionales a través de la capacitación práctica y el acompañamiento en el desarrollo personal. </p>
